t g(a) = 4*a + 1. Let v be g(y). Let s = -2 + v. Let w(c) = -c - 1. Calculate w(s).
4
Let g(o) = 3*o**3 - 4*o**2 + 3*o. Let d = -27 + 29. Give g(d).
14
Let d(r) = -3*r**2 + 8*r + 6. Let a(v) = -7*v**2 + 17*v + 13. Let u(i) = 2*a(i) - 5*d(i). Calculate u(7).
3
Suppose 0 = 3*u - 3*g - 12, -3*g + 1 = 13. Let k(o) = o - 3. Determine k(u).
-3
Let l be (-2)/(-6)*(-1 + 13). Suppose 1 = -n + l. Let a(p) = -n*p - p + 7 + 3*p. What is a(3)?
4
Suppose 12 = -5*o - 3*s, 4*o - 3*s - 12 = 2*o. Let h(f) = o*f - f - 6*f**2 - 5*f**2. Calculate h(1).
-12
Let s(o) = 6 + 0*o**2 + 7*o + 0*o**2 + o**2 + 0. Determine s(-6).
0
Let c(o) = -8*o**3 - o**2 - o. Let i = -5 - -6. Let k = i - -14. Let z be 2*(2 - k/6). Give c(z).
8
Let u(m) = m**3 - 3*m**2 + 2*m + 1. Let l = -11 + 13. Give u(l).
1
Let i(t) = t**2 + 3*t - 2. Let k(s) be the second derivative of s**3/6 + s. Let g(z) = i(z) - 3*k(z). What is g(2)?
2
Let v(c) = 5*c + 1. Let y be v(1). Let w(l) = -l**2 + 4*l + 9. Let i(k) = k + 1. Let n(b) = y*i(b) - w(b). Determine n(2).
5
Let o(w) be the third derivative of w**4/4 - 8*w**2. Calculate o(1).
6
Let y(w) = w**3 + 5*w**2 - 7*w + 4. Let s(z) = 2*z**3 + 4*z**2 - 7*z + 4. Let d(f) = -2*s(f) + 3*y(f). Suppose 0 = c - 5*c + 24. Determine d(c).
-2
Let i(k) = -16*k**2 - 1 - 4*k**2 + 2*k**2 + 0. Determine i(-1).
-19
Let n(u) = -3*u**3 + 11*u**2 + 7*u - 9. Let o(f) = f**3 - 5*f**2 - 3*f + 4. Let c(w) = 2*n(w) + 5*o(w). Give c(-2).
0
Suppose 0 = 5*o - 9*o + 16. Let j(h) = -2*h**2 + 0 + h**3 - 2*h**2 - 1. What is j(o)?
-1
Let z(j) = -j**2 + 9*j - 7. Let l be z(8). Let g(r) be the second derivative of -r**3/6 + r**2/2 - 10*r. Determine g(l).
0
Suppose -3*i = 5*t - i + 2, -i = 4*t + 4. Let k(r) be the second derivative of r**5/20 + r**4/6 - r**3/6 + r**2/2 - 6*r. What is k(t)?
3
Let f(s) = -5*s**3 - 3*s**2 + 6*s + 10. Let t(r) = 4*r**3 + 2*r**2 - 5*r - 9. Let z(y) = -5*f(y) - 6*t(y). Calculate z(-3).
4
Suppose -5*o - 4 = -49. Suppose -o + 1 = 2*y. Let x(h) = -h**2 - 7*h - 1. Let r(s) = -s**2 - 8*s - 1. Let c(j) = -2*r(j) + 3*x(j). Determine c(y).
3
Suppose 1 = 5*x - 19. Suppose -5*k - 3*m + 11 = x, 2*m - 4 = -3*k. Let l(f) = -2*f + 0 - k - f. Give l(-2).
4
Let q(g) = -g**3 - 8*g**2 + 7*g - 10. Let d(t) = 2*t**3 + 15*t**2 - 14*t + 19. Let y(l) = -3*d(l) - 5*q(l). Calculate y(-6).
-13
Let q(g) = -g**2 - 9*g + 5. Suppose 25 = -3*m + m + c, -2*m + 5*c - 45 = 0. Calculate q(m).
-5
Let i be 1 - 24/3 - -1. Let g(k) = -k - 12. Determine g(i).
-6
Suppose -7*l + 5*q = -3*l + 20, 0 = 5*l + 5*q + 25. Let d(o) be the second derivative of -o**3/6 - 2*o**2 - 29*o. Calculate d(l).
1
Let h(l) = 20*l + 11. Let g(n) = -7*n - 4. Let c(m) = 17*g(m) + 6*h(m). Let x be c(0). Let i(q) = -3 + 4 + 2 + 3*q**2 + 4*q + q**3. Give i(x).
-1
Let v(p) = -p**2 + 4*p + 7. Suppose 40 = 6*u + 4. Calculate v(u).
-5
Let p(c) = c. Let i be p(-6). Let x be -2*i*(-4)/16. Let j(o) = 3*o + 4. Determine j(x).
-5
Let o(w) = 11*w + 20. Let p(g) = -5*g - 10. Let c(s) = -6*o(s) - 13*p(s). Give c(9).
1
Let g(i) = i**2 + 2*i - 7 + 3*i**2 - 3*i**2. What is g(-5)?
8
Suppose -2*t = s - 7 - 1, 29 = 3*s + t. Suppose x + s = -4*x. Let y(j) = 4*j + 1. Determine y(x).
-7
Let x(y) = -y**2 - 3*y - 4. Suppose 0 = -0*d - 2*d + 34. Suppose -5*u + 2*c = d, 0 = 4*u - 0*u - c + 13. Calculate x(u).
-4
Let p(i) be the third derivative of -1/20*i**5 + 1/24*i**4 + 1/120*i**6 - 1/3*i**3 + 0 + 0*i - 8*i**2. Determine p(3).
1
Let w = 0 + -1. Let m = -3 - w. Let b(y) be the third derivative of -y**6/120 - y**5/60 - y**4/8 - y**3/2 - y**2. Calculate b(m).
7
Let r(s) = 0*s**2 + 15 - 28 - 7*s**2 + 12 + 2*s. What is r(1)?
-6
Let o(k) = -7*k + 3. Let s = 18 - 32. Let h(b) = -b**3 - 13*b**2 + 15*b + 16. Let x be h(s). Calculate o(x).
-11
Let g(q) = -2*q**3 - q**2. Let u(w) = w**3 + 8*w**2 + 10*w - 13. Let x be u(-6). What is g(x)?
1
Let u = -13 + 22. Let q(h) = -u*h + 8*h - h**2 - h**2. What is q(-2)?
-6
Let g(t) = t - 4. Let m(v) = v**2 + v. Let n be m(4). Suppose -5*c - 3*x = -18, 3*x = -5*c - 2*x + n. Suppose -1 = -2*i + 4*j - c, -j = -i + 1. Determine g(i).
-1
Let q(p) be the first derivative of -p**3/3 - p**2/2 - 2*p - 19. Determine q(3).
-14
Suppose 5*l + 5 + 0 = 0. Let f(t) = -7*t**2. Give f(l).
-7
Let h(w) be the second derivative of w**3/3 + 3*w**2 + 228*w. Suppose 2*o - 4*c + 12 = 0, 6*o = o - 4*c - 30. Calculate h(o).
-6
Let p(b) = -b**2 + 2*b. Let u(o) = 2*o**2 - 5*o - 1. Let z(k) = -5*p(k) - 2*u(k). Calculate z(-2).
6
Let k(s) = 5*s**3 + 25*s**2 + 10*s + 16. Let b(i) = -i**3 - 5*i**2 - 2*i - 3. Let l(h) = 11*b(h) + 2*k(h). Calculate l(-4).
-9
Let i(l) be the second derivative of 0 + 0*l**2 + 1/6*l**3 - 2*l + 1/4*l**4. What is i(-1)?
2
Let k = 40 + -28. Suppose -2*g - 1 + k = 5*r, -3*g - 3*r = -21. Let b(c) = -g*c**3 + 7*c**3 - c**2 + 5*c + 0 + 2. What is b(-3)?
5
Let i(w) = 2*w - 8. Let s = -22 + 29. Determine i(s).
6
Suppose 0*z = -3*z + 3. Let s be -52*(-1 + 12/16). Suppose 0 = 3*q - z + s. Let n(i) = i**3 + 4*i**2 + 2. Calculate n(q).
2
Let i(u) = 4*u**2 + 0*u**3 + u - 1 - 2*u + u**3. What is i(-3)?
11
Suppose 0*j = -4*j. Let z be (j - -3)*(-2)/(-2). Let q(o) = -o**3 - 2*o**z + 3*o**2 - 4 + 4*o**3. Calculate q(-3).
-4
Let z be -2*(-10)/(2 - 1). Let n = z - 12. Let i(o) = -3*o + 4 - 4*o + n*o. What is i(-3)?
1
Let t(g) = 0*g + 3*g**2 + g - 2*g**2. Suppose 2 = -2*x - 6, 2*x + 8 = -3*r. Suppose r = -p + 5*p - 4. Determine t(p).
2
Let u(v) = v**2 + 5*v - 7. Suppose -2*j - 6 - 4 = 0, 2*i + 5*j = -37. Determine u(i).
-1
Suppose 3 = -4*n - 4*t - 33, 5*n + 41 = -3*t. Let s(o) = -o**3 - 7*o**2 + 1. What is s(n)?
1
Let m(v) = -v + 3. Suppose -6*h = -h - 10. Suppose h*b = -2*u + 18, 4*b + 15 = 4*u - 5. Let o be m(u). Let q(r) = -r**2 - 3*r + 4. What is q(o)?
0
Let d(k) = 5*k**3 + k**2 - k - 1. Let g = 5 + -5. Suppose 3*o = 4*a - 19, -5*o - a - 1 + 0 = g. Calculate d(o).
-4
Suppose 0 = p - 2*i + 1, 0 = 5*i + 5. Let n(s) = 2*s + 3. Determine n(p).
-3
Suppose 5*s - 8 = s. Suppose -s + 1 = -z. Let q(l) = -3*l**2 - 2*l + 1. Determine q(z).
-4
Let l(q) = -2*q**3 - 2*q**2 + 2*q. Let m be 8/(-6)*21/14. Calculate l(m).
4
Let r(b) be the second derivative of b**4/12 - b**3/3 + b**2/2 + 6*b. Let o(a) = a - 4. Let l be o(6). Give r(l).
1
Let g(i) = 2*i - 5. Suppose 5 = -p - 2*r + 11, 2*p - 3*r - 5 = 0. Determine g(p).
3
Let t(j) = j**3 - j - 1. Let v(i) = 3*i**3 - 3*i**2 - i - 5. Let l(h) = 2*t(h) - v(h). Determine l(3).
0
Let u be 1/((9/(-3))/3). Let r = u + -2. Let d(w) = w**3 + 4*w**2 - 1. Calculate d(r).
8
Let n(h) = -1. Let b be 34/(-8) + (-2)/(-8). Let z(x) = -x + 11. Let k(p) = b*n(p) - z(p). Let f(i) = i. Let y be f(5). Give k(y).
-2
Let x(q) = q**2 + 6*q. Suppose -c - 8 = 3*c, 3*c + 22 = -4*b. Calculate x(b).
-8
Let v(z) = z**2 - 8*z - 6. Let r(g) = -g - 1. Let u(i) = -4*r(i) + v(i). Determine u(4).
-2
Let g(q) = -q**3 - 5*q**2 + 3. Let k(t) = 6 - t**2 + 7*t + 0*t**2 + 0*t**2. Let a be k(5). Let j be 2*10/a*-4. Calculate g(j).
3
Let p(f) be the second derivative of -f**5/20 - f**4/6 - f**3/6 + 2*f. Calculate p(-2).
2
Let o(s) = s**3 + 8*s**2 + 2*s + 10. Suppose -3*p + a = -4*a + 49, 2*p = -4*a + 4. Calculate o(p).
-6
Let g(v) be the second derivative of 1/6*v**3 + 0 + v**2 - 2*v. Give g(4).
6
Let r(t) = t**3 - 3 - 4*t + 0*t**2 - 3*t**2 + 0*t**2 + 0*t**3. Determine r(4).
-3
Suppose p - 5*n = -20, 0 = -4*p + 3*n - 5 + 10. Suppose 0 = -5*r - p - 0. Let a(j) = -9*j**3 + j**2 - 1. What is a(r)?
9
Suppose 3*d + d = d. Let j(l) = -l**2 + 10. What is j(d)?
10
Let z(o) = -5*o**2 - 4*o. Let y(g) = 3*g**2 + 2*g. Let d(w) = 9*y(w) + 4*z(w). Let t(m) = -6*m**2 - m. Let k(b) = 5*d(b) + 6*t(b). Determine k(4).
0
Let v(y) = -1. Let t(h) = 2*h - 1. Let w(a) = -t(a) - 2*v(a). Determine w(-4).
11
Let h(v) be the first derivative of -v**2/2 + 3*v - 3. Give h(-4).
7
Suppose 0*s + 2 = s. Suppose -c = -4, -3*q - 6*c + 32 = -c. Let w(l) = 2 - 4*l**s + 2*l + 2*l**3 - q*l**3 + 3*l**3. What is w(3)?
-1
Let o(d) = -2*d**3 + 2*d**2 - 2. Suppose -5*t - 3*f = 2*f - 5, -5*t - 2*f + 5 = 0. Let p be 1/t*(0 - 0). Suppose r - 2*r + 2 = p. Determine o(r).
-10
Suppose -2*j - 3*i + 6 = -i, 3*i + 6 = 0. Suppose j*t - 10 = 3*t. Let m(o) = 6*o. Let g(p) = -5*p + 1. Let s(q) = -5*g(q) - 4*m(q). Determine s(t).
0
Suppose -6*p + 2*p = 4. Let q(g) be the first derivative of 2*g**3/3 - g**2/2 - 27